-2*c**2 - 10*c - 6. Determine x(-6).
-18
Let y(j) = j**2 + j - 2. Determine y(-7).
40
Let b(v) = -16*v - 6. Determine b(-1).
10
Let f(z) = -5*z**2 + 3. Determine f(1).
-2
Let l(q) = -q**3 + q**2 + q - 14. Calculate l(0).
-14
Let a(v) = -2*v**2 - 3*v - 5. What is a(-2)?
-7
Let r(i) = 28*i - 301. What is r(11)?
7
Let n(c) = -17*c + 9. What is n(-5)?
94
Let u(w) = w**2 + 18*w - 4. Give u(-13).
-69
Let m(v) = 6*v - 30. Give m(13).
48
Let o(u) = u**2 + 7*u - 7. Give o(-8).
1
Let d(s) = -s**3 + 2*s + 6. Calculate d(-3).
27
Let c(x) = -3*x**3 - 5*x**2 - 3*x - 4. What is c(-3)?
41
Let n(t) = -2*t + 10. Give n(6).
-2
Let z(n) = n**3 + 14*n**2 - 35*n - 50. What is z(-16)?
-2
Let k(v) = v**3 + 8*v**2 - v + 5. Calculate k(-8).
13
Let q(b) = -24*b**3 - b**2 + b - 1. Determine q(1).
-25
Let q(v) = v**3 - 2*v**2 - 16*v + 1. Give q(5).
-4
Let v(j) = -2*j**2 - 3*j - 5. What is v(-4)?
-25
Let s(y) = 9*y - 418. Give s(47).
5
Let n(r) = -8*r + 17. What is n(7)?
-39
Let q(j) = -j**2 - 3*j + 2. Determine q(5).
-38
Let r(m) = m**3 + 4*m**2 - 7*m - 1. Calculate r(-6).
-31
Let i(o) = -o + 18. Calculate i(6).
12
Let x(g) = -g - 36. Calculate x(-18).
-18
Let y(t) = 28*t**3 + t. Give y(-1).
-29
Let i(h) = -h**2 + 10*h - 2. Determine i(9).
7
Let h(u) = -u**3 - 10*u**2 + 8. Determine h(-10).
8
Let d(v) = -5*v**3 + 8*v - 4. What is d(2)?
-28
Let m(z) = 18*z**3 + 2*z**2 - z. Give m(1).
19
Let z(d) = -d**3 - 5*d**2 - d - 2. Give z(-3).
-17
Let p(h) = h**3 - 8*h**2 + 6*h - 49. What is p(7)?
-56
Let j(u) = -3*u + 3. What is j(-2)?
9
Let s(y) = -y - 18. Give s(-13).
-5
Let n(f) = -f**3 + 40*f**2 + 126*f + 111. What is n(43)?
-18
Let z(d) = -65*d - 2. Give z(1).
-67
Let s(d) = -4*d**2 - d. Determine s(-2).
-14
Let j(y) = y**2 - 8*y - 25. Calculate j(12).
23
Let f(h) = h**3 - 6*h**2 + 9*h - 8. Give f(5).
12
Let b(w) = w**2 - 6*w - 6. Calculate b(9).
21
Let y(t) = -7*t - 4. Determine y(-2).
10
Let m(r) = -r**2 - 8*r + 4. Determine m(-7).
11
Let n(r) = r**3 + 4*r**2 + 6*r + 5. Determine n(-5).
-50
Let z(l) = -6*l + 45. Determine z(6).
9
Let f(j) = -3*j**2 + 19*j + 7. Give f(6).
13
Let p(w) = -6*w**3 - w**2 + 5*w - 4. What is p(1)?
-6
Let p(l) = 388*l + 776. Determine p(-2).
0
Let f(s) = 4*s**2 + 4*s - 6. What is f(-2)?
2
Let c(w) = -7*w**2 + 110*w + 29. Determine c(16).
-3
Let z(d) = -2*d**2 - 6*d - 3. Give z(-4).
-11
Let k(h) = h**3 + 7*h**2 + h - 6. Give k(-7).
-13
Let n(s) = 6*s + 19. What is n(-5)?
-11
Let h(u) = -u**2 + 2*u - 2. Calculate h(3).
-5
Let h(c) = -2*c**2 + 5*c + 19. Calculate h(-3).
-14
Let o(t) = 20*t**2 - 739*t - 41. Determine o(37).
-4
Let v(o) = -77*o - 23. Determine v(-2).
131
Let k(w) = -98*w + 2. Calculate k(1).
-96
Let x(s) = s**3 + 4*s**2 - 5*s - 5. What is x(-5)?
-5
Let x(q) = q**3 + 5*q**2 - 11*q + 2. Calculate x(-7).
-19
Let d(t) = 11*t**2 - t + 1. What is d(-2)?
47
Let w(g) = 6*g - 3. What is w(5)?
27
Let c(o) = -o**3 + o - 15. What is c(0)?
-15
Let j(w) = -w**2 - 2*w + 5. Calculate j(-3).
2
Let y(a) = -17*a - 58. Determine y(-5).
27
Let y(m) = 10*m + 2. Give y(-2).
-18
Let r(o) = -19*o + 1. Give r(-1).
20
Let j(x) = -x**3 + 13*x**2 - x + 8. Determine j(13).
-5
Let n(k) = -k**3 + 8*k**2 - 10*k + 4. Give n(7).
-17
Let i(d) = 16*d - 2. What is i(3)?
46
Let i(z) = 3*z**2 + 3*z - 3. Calculate i(-3).
15
Let b(c) = 8*c - 14. Calculate b(4).
18
Let g(b) = b**3 - 7*b**2 + 11*b - 4. Give g(4).
-8
Let n(p) = p**3 + 3*p**2 + p. Determine n(-1).
1
Let k(b) = 9*b + 2. Determine k(1).
11
Let b(l) = -3*l + 42. Calculate b(12).
6
Let v(t) = -t**3 - 3*t**2 + t - 1. Determine v(-3).
-4
Let c(n) = -n**2 - 1. What is c(2)?
-5
Let g(z) = z**2 - 2*z - 21. What is g(5)?
-6
Let s(z) = -11*z**3 - z**2. What is s(1)?
-12
Let y(f) = -40*f - 208. Give y(-6).
32
Let v(r) = -r**3 - 10*r**2 - 7*r - 2. Calculate v(-5).
-92
Let n(q) = -2*q - 21. Calculate n(-5).
-11
Let k(r) = 3*r - 30. Give k(8).
-6
Let n(i) = 15*i**2 - 2. Give n(3).
133
Let g(i) = -26*i + 86. Give g(4).
-18
Let w(o) = 6*o + 68. What is w(-13)?
-10
Let x(o) = -o**2 + 3*o + 17. Give x(4).
13
Let d(a) = a**2 - 3*a + 1. What is d(2)?
-1
Let y(h) = -5*h + 126. What is y(30)?
-24
Let s(z) = z**2 - 15*z - 10. Give s(15).
-10
Let i(u) = 3*u + 104. Give i(-32).
8
Let y(q) = 13*q - 177. Give y(14).
5
Let j(r) = -39*r + 243. Calculate j(6).
9
Let w(s) = s**3 - 8*s**2 - s - 30. Give w(9).
42
Let c(d) = d**2 + 8*d + 11. Calculate c(-9).
20
Let u(w) = -w**3 - 3*w**2 - 3*w - 5. Determine u(-2).
-3
Let c(d) = 16*d + 15. What is c(-4)?
-49
Let s(p) = p**3 - 14*p**2 + 12*p + 15. Determine s(13).
2
Let h(t) = t**2 - 19*t - 18. Give h(9).
-108
Let o(t) = 6*t + 6. Give o(6).
42
Let k(s) = s**3 - 12*s**2 + 1. Give k(12).
1
Let w(d) = -d**3 + 9*d**2 - 8*d + 10. Give w(8).
10
Let r(c) = 9*c - 3. Calculate r(-3).
-30
Let u(s) = -3*s + 83. What is u(34)?
-19
Let w(k) = -6*k - 46. Give w(-6).
-10
Let y(a) = -2*a - 18. Determine y(-6).
-6
Let w(u) = 3*u + 23. What is w(-10)?
-7
Let j(c) = c**2 + 12*c. Give j(-13).
13
Let u(x) = -x**2 + 10*x - 9. Calculate u(8).
7
Let p(j) = -2*j**3 + 3*j**2 + 4*j - 2. Calculate p(3).
-17
Let w(r) = r**2 - 20*r - 260. Determine w(29).
1
Let f(o) = -o - 8. What is f(-4)?
-4
Let p(i) = i**3 + 12*i**2 + 11*i + 10. Calculate p(-11).
10
Let l(r) = 2*r**3 - 6*r**2 - 55*r - 13. What is l(7)?
-6
Let m(x) = -6*x - 4. What is m(-6)?
32
Let c(i) = -i**2 - 7*i + 5. Give c(-7).
5
Let h(y) = -y**2 + 7*y + 5. Give h(8).
-3
Let w(o) = -13*o - 504. What is w(-39)?
3
Let a(z) = -z**3 - z**2 + 2*z - 27. Calculate a(0).
-27
Let m(g) = g + 5. What is m(-11)?
-6
Let l(p) = p**3 + 4*p**2 + 5*p + 5. Determine l(-3).
-1
Let d(j) = -3*j**2 - 7*j + 74. What is d(5)?
-36
Let j(t) = 24*t - 12. Determine j(5).
108
Let b(k) = -k**3 - 4*k**2 - 3*k + 6. Determine b(-3).
6
Let b(i) = -144*i**3 - 2*i**2 + 2. What is b(-1)?
144
Let l(n) = -3*n**2 + 10*n - 2. What is l(3)?
1
Let l(f) = -20*f + 21. Give l(2).
-19
Let r(h) = h - 7. Calculate r(17).
10
Let p(q) = -q**3 - q**2 + 25*q - 11. Give p(-5).
-36
Let p(u) = -9*u - 17. Give p(-3).
10
Let o(p) = p**3 - 22*p**2 + 122*p - 3. Calculate o(11).
8
Let x(r) = 3*r**2 - 2*r - 1. Determine x(2).
7
Let b(x) = -10*x - 267. Give b(-29).
23
Let a(u) = -u**3 + 4*u**2 + u - 5. What is a(3)?
7
Let r(q) = q + 1. Determine r(-5).
-4
Let k(h) = -2*h**2 - 9*h + 17. Calculate k(-6).
-1
Let r(o) = o**2 + 10*o - 143. Determine r(-17).
-24
Let o(m) = 56*m**2 + m. Give o(1).
57
Let w(s) = -23*s**2 - 3*s - 3. Calculate w(-1).
-23
Let y(b) = 6*b + 154. Calculate y(-20).
34
Let i(n) = 11*n + 30. Give i(-4).
-14
Let k(r) = 4*r**2 - 4*r - 3. Calculate k(-1).
5
Let t(p) = 3*p**2 - 14. Calculate t(0).
-14
Let a(j) = j**2 - 25*j + 139. Give a(13).
-17
Let c(x) = -x**2 - 1. What is c(-2)?
-5
Let r(l) = 2*l**3 + 12*l**2 + 2*l + 6. Determine r(-6).
-6
Let f(i) = -i**3 + 17*i**2 - i + 15. Calculate f(17).
-2
Let m(w) = -6*w. What is m(3)?
-18
Let p(t) = -3*t**2 - 15*t - 37. Determine p(-7).
-79
Let x(t) = -t**3 + 20*t**2 + 20*t + 12. Give x(21).
-9
Let b(r) = 3*r - 1. Determine b(-6).
-19
Let v(s) = -s**3 - 3*s**2 + 2*s. What is v(-4)?
8
Let m(h) = -h**3 - 36*h**2 + 36*h - 24. Give m(-37).
13
Let t(g) = g**3 - 7*g**2 - 5*g + 2. Calculate t(7).
-33
Let k(b) = 20*b - 12. Calculate k(-2).
-52
Let h(x) = 5*x - 15. What is h(3)?
0
Let j(i) = i**2 - 11*i + 1. Determine j(9).
-17
Let o(z) = -9*z**2 + 18*z - 42. Give o(3).
-69
Let i(d) = 5*d + 4. Determine i(-2).
-6
Let y(j) = 3*j - 5. Determine y(-3).
-14
Let z(f) = -f - 15. Give z(11).
-26
Let f(k) = k**3 - 7*k**2 - 18*k - 2. Determine f(9).
-2
Let q(h) = h**3 + 8*h**2 - 9*h + 24. Calculate q(-9).
24
Let j(s) = 127*s - 119. What is j(1)?
8
Let x(q) = -q**3 - 2*q**2 + q - 3. What is x(-3)?
3
Let b(y) = -y - 3. Calculate b(5).
-8
Let h(z) = -11*z**3 + z**2 + 7*z + 7. Calculate h(-1).
12
Let v(b) = b**3 - 10*b**2 - 12*b + 9. What is v(11)?
-2
Let l(t) = t**3 - 9*t**2 - 12*t + 18. Determine l(10).
-2
Let m(g) = -g**3 - g**2 + 270*g - 38. What is m(-17)?
-4
Let a(w) = 9*w**3 + 3*w**2 - 1. Calculate a(1).
11
Let c(j) = j**2 - 4*j - 104. Give c(-7).
-27
Let r(i) = -55*i - 269. What is r(-5)?
6
Let s(m) = -m**3 + 20*m**2 + 10. Give s(20).
10
Let h(v) = -v**3 + 5*v**2 + 4*v - 2. Determine h(6).
-14
Let p(j) = 2*j**2 - 2*j - 21. Calculate p(-6).
63
Let p(z) = z**3 + 23*z**2 + 62*z + 38. Give p